(c) = -c**2 + 19*c + 2792. Calculate l(-45).
-88
Let z(v) = -6*v**2 - 1625*v - 3249. Determine z(-2).
-23
Let y(m) = 103*m - 839. Determine y(7).
-118
Let f(t) = -t**3 + 113*t**2 - 311*t + 9890. Determine f(111).
11
Let t(z) = 1319*z**2 - 369319*z - 172. Give t(280).
108
Let w(c) = -c**3 - 18*c**2 - 24*c - 235. Determine w(-16).
-363
Let f(t) = -t**3 - 271*t**2 + 12791*t - 736. Determine f(-312).
-424
Let f(i) = i**2 + 636*i - 11281. Give f(17).
-180
Let w(a) = -1912*a - 6901. Determine w(-4).
747
Let q(c) = 11*c**2 - 1504*c + 3972. Give q(134).
-48
Let u(w) = 6506*w + 5427. Give u(-1).
-1079
Let o(y) = 20*y**2 - 558*y - 173. Give o(28).
-117
Let k(m) = -23456*m + 281399. What is k(12)?
-73
Let p(s) = s**3 + 86*s**2 + 333*s + 1077. Calculate p(-82).
667
Let z(x) = 5*x**3 - 1901*x**2 + 445*x - 24467. Calculate z(380).
233
Let o(a) = 2*a**2 + 377*a - 3143. Give o(8).
1
Let o(i) = i**3 + 99*i**2 + 2292*i - 161. Give o(-37).
-87
Let y(f) = -4*f**2 + 418*f - 734. Calculate y(100).
1066
Let n(s) = -1909*s - 1007962. Give n(-528).
-10
Let n(p) = 360*p + 2888. What is n(-6)?
728
Let s(x) = 123*x - 1353. What is s(12)?
123
Let u(x) = -3*x**3 + 16*x**2 + 57*x - 51. Calculate u(-3).
3
Let p(c) = c**3 + 17*c**2 - 3014*c - 383. Give p(-64).
1
Let b(x) = -x**2 + 302*x - 7876. Calculate b(272).
284
Let r(n) = -4*n**3 + 89*n**2 + 1535*n - 3829. Calculate r(33).
-1
Let t(y) = -12*y**2 + 290*y + 4430. Calculate t(-17).
-3968
Let j(n) = n**3 + 103*n**2 - 141*n - 2815. Calculate j(-104).
1033
Let q(c) = c**3 - 25*c**2 + 375*c - 21091. Calculate q(33).
-4
Let f(o) = 26202*o - 130890. Determine f(5).
120
Let u(g) = -g**3 + 152*g**2 - 1929*g - 392. Determine u(138).
22
Let w(o) = -3*o**3 + 21*o**2 + 1220*o - 6455. Give w(5).
-205
Let z(n) = -7588*n - 280753. Determine z(-37).
3
Let t(g) = 2*g**3 - 10*g**2 - 11*g - 532. Determine t(0).
-532
Let b(x) = 28*x**3 - 4*x**2 - 14*x - 7. Calculate b(-4).
-1807
Let y(m) = -763*m - 38964. Determine y(-51).
-51
Let b(h) = h**3 + 230*h**2 + 1643*h + 18317. Give b(-223).
31
Let u(r) = 14*r**3 + 423*r + 423. Give u(-1).
-14
Let g(l) = 20*l**2 - 1671*l - 766. Give g(84).
-10
Let x(c) = -c**3 + 28*c**2 + 406*c + 922. Give x(39).
25
Let w(a) = -a**2 + 1202*a + 29329. Determine w(-24).
-95
Let b(c) = -26*c - 1983. Give b(-74).
-59
Let m(z) = 45*z**2 - z + 12. Calculate m(-3).
420
Let q(p) = -2*p**3 - 356*p**2 + 2584*p - 1119. What is q(-185)?
-9
Let b(k) = -122*k**2 - 263*k - 28. Calculate b(-2).
10
Let p(k) = -k**3 - 17075*k**2 - 68295*k - 37. What is p(-4)?
7
Let j(m) = -m**2 + 108*m - 1661. Calculate j(18).
-41
Let a(b) = 988*b + 190698. Give a(-193).
14
Let p(x) = -1320*x - 172753. Give p(-131).
167
Let m(h) = h**3 + 12*h**2 + 19269*h + 134643. Calculate m(-7).
5
Let m(w) = -w**2 - 1591*w + 388. Determine m(0).
388
Let b(s) = 2*s**3 - 59*s**2 - 37*s + 212. Give b(30).
2
Let h(z) = -2056*z + 77124. Give h(38).
-1004
Let z(i) = -2409*i**2 + i + 4. Give z(1).
-2404
Let s(o) = 692*o**2 + 329*o - 1. Give s(-1).
362
Let d(j) = j**3 + 15*j**2 - 113*j - 1042. Determine d(-8).
310
Let i(b) = b**2 - 55092*b - 2370823. Determine i(-43).
-18
Let o(s) = 18*s**3 - 342*s**2 + 302*s + 376. What is o(18)?
-20
Let r(h) = -53403*h + 1975915. Calculate r(37).
4
Let m(f) = -5*f**3 - 54200*f**2 - 216718*f + 12. Determine m(-4).
4
Let x(h) = -36*h**3 + 6798*h**2 + 1136*h - 381. Give x(189).
-3
Let k(h) = h**3 - 11*h**2 - 351*h - 1016. Calculate k(-3).
-89
Let z(o) = o**3 + 252*o**2 - 4314*o + 441. Determine z(16).
25
Let u(g) = 2*g**3 - 197*g**2 + 101*g - 702. Determine u(98).
-408
Let i(h) = -9*h**3 - 4539*h**2 - 6044*h - 3953. Give i(-503).
71
Let j(i) = 2822*i - 389459. Calculate j(138).
-23
Let j(g) = 567*g + 16301. Determine j(-29).
-142
Let f(k) = -59*k**3 - 112*k**2 + k + 1. Determine f(2).
-917
Let b(i) = -565*i + 189693. Calculate b(336).
-147
Let h(n) = n**2 - 874*n + 74033. Give h(95).
28
Let f(n) = 2*n**3 - 100*n**2 - 568*n - 46. Determine f(55).
-1036
Let u(o) = -4*o**3 - 37*o**2 - 116*o - 604. Calculate u(-8).
4
Let f(a) = a**3 - 166*a**2 + 813*a - 1294. Give f(161).
-6
Let t(g) = g**3 + 188*g**2 - 965*g + 271. Give t(-193).
271
Let r(z) = -z**3 - 2*z**2 + 2841*z + 11361. Determine r(-4).
29
Let i(h) = -h**3 - 245*h**2 - 2121*h + 663. Determine i(-236).
-45
Let u(s) = 6*s**2 + 290*s + 4. Determine u(-48).
-92
Let k(v) = -3*v**2 + 866*v + 37267. Calculate k(327).
-338
Let w(h) = -20*h**2 + 23613*h - 187624. Determine w(8).
0
Let y(z) = -31*z**2 - 3044*z + 2471. What is y(-99)?
-4
Let i(l) = l**2 - 7072*l - 70852. Determine i(-10).
-32
Let g(x) = 294*x**2 + 54097*x + 168. Give g(-184).
-16
Let w(l) = 1358*l**2 - 55679*l + 49. What is w(41)?
8
Let i(c) = 190*c**2 - 7454*c - 99. Calculate i(39).
-1815
Let m(x) = x**3 + 133*x**2 - 9*x - 1345. Give m(-133).
-148
Let f(z) = z**3 - 25*z**2 + 55*z - 539. Give f(22).
-781
Let p(w) = 6*w**3 - 4*w**2 - 183*w - 348. Determine p(-3).
3
Let j(p) = p**2 + 1137*p - 25599. Determine j(22).
-101
Let m(t) = 296*t - 5322. Determine m(18).
6
Let k(m) = -15659*m - 156578. What is k(-10)?
12
Let w(f) = -2*f**2 + 407*f - 15645. What is w(152)?
11
Let l(t) = 2*t**3 + 221*t**2 + 16*t + 23. Give l(0).
23
Let x(f) = 177*f**2 - 2467*f - 134. What is x(14)?
20
Let m(f) = 451*f - 8949. Determine m(20).
71
Let q(n) = -3600*n + 47646. Calculate q(13).
846
Let k(r) = 15*r - 985. Calculate k(55).
-160
Let w(n) = 793*n + 87030. Give w(-110).
-200
Let w(j) = -j**3 - j**2 - j + 55. Give w(0).
55
Let g(t) = -249299*t + 997218. What is g(4)?
22
Let v(k) = k**3 - 44*k**2 - 48*k - 4365. Determine v(47).
6
Let w(l) = l**2 - 9501*l + 120. Determine w(0).
120
Let o(a) = 6*a**2 - 2178*a - 13283. Give o(369).
1
Let m(u) = 7471*u + 821812. Give m(-110).
2
Let b(l) = -211*l - 6511. Calculate b(-32).
241
Let l(q) = 292*q + 46549. Determine l(-159).
121
Let v(s) = -5041*s - 130711. What is v(-26)?
355
Let g(s) = 11*s**2 + 708*s - 1577. What is g(-62)?
-3189
Let i(y) = -22987*y + 183939. What is i(8)?
43
Let y(k) = -2*k**3 + 25*k**2 - 33*k + 32. What is y(9)?
302
Let h(w) = 12*w**2 - 130*w - 45. Calculate h(4).
-373
Let y(o) = -11*o**3 - 567*o**2 - 272*o + 1717. Calculate y(-51).
-17
Let n(f) = f**2 - 311*f + 19471. Give n(87).
-17
Let f(s) = -559*s + 6086. Give f(11).
-63
Let i(l) = 67*l**2 - 3129*l - 354. Determine i(48).
3822
Let x(d) = 4*d**2 + 171*d + 1041. Calculate x(-37).
190
Let b(a) = 1980*a**2 + 21713*a - 730. Determine b(-11).
7
Let i(d) = -156*d**2 + 1477*d - 10. Determine i(9).
647
Let x(g) = -g**3 - 6*g**2 - 1733*g - 8680. What is x(-5)?
-40
Let r(k) = -525*k - 12146. What is r(-23)?
-71
Let f(q) = -102*q**3 - 2*q**2 - 44*q + 132. Give f(3).
-2772
Let d(m) = 2*m**3 - 88*m**2 - 7*m + 305. Calculate d(44).
-3
Let n(l) = l**3 + 27*l**2 + 1321*l + 31756. Calculate n(-25).
-19
Let r(u) = -u**3 - 31*u**2 + 25*u - 72. Determine r(-32).
152
Let d(n) = 1609*n + 20749. Determine d(-13).
-168
Let o(r) = -r**2 + 87*r - 2009. What is o(37)?
-159
Let x(g) = 91*g**2 + 1741*g - 3419. Calculate x(-21).
151
Let t(h) = -7*h**2 - 56*h + 856. Determine t(-17).
-215
Let c(k) = 4*k**2 + 16*k + 348. Give c(11).
1008
Let s(t) = -2*t**2 - 731*t - 5719. Determine s(-8).
1
Let n(b) = -12*b**3 - 4644*b**2 + 18*b + 6985. Give n(-387).
19
Let m(r) = -142*r + 2712. What is m(19)?
14
Let x(i) = -1056*i - 12121. Give x(-11).
-505
Let h(j) = 5020*j - 170680. Give h(34).
0
Let r(m) = -m**3 + 2*m**2 + 10626*m - 40. Determine r(0).
-40
Let n(z) = -272986*z + 1637897. Determine n(6).
-19
Let u(v) = -12*v**2 - 465*v + 58. Determine u(-15).
4333
Let s(w) = w**2 - 109*w - 34167. What is s(246)?
-465
Let u(y) = -3*y**3 - 8*y**2 + 22*y + 8. Determine u(7).
-1259
Let o(x) = 17*x**2 - 580*x - 4792. Give o(41).
5
Let k(v) = -7*v**3 - 1105*v**2 - 2032*v - 619. Calculate k(-156).
5
Let f(p) = -30*p**2 + 2406*p - 199. Give f(80).
281
Let u(f) = 2275*f - 766671. Give u(337).
4
Let i(y) = -1285*y**2 - 155*y - 159. What is i(-1)?
-1289
Let f(x) = -5*x**3 - x**2 - 113*x - 357. Give f(-3).
108
Let z(o) = -13579*o - 108615. Give z(-8).
17
Let n(a) = -a**3 - 963*a**2 - 8513*a + 69590. Calculate n(-954).
-52
Let y(v) = 2*v**2 + 2150*v - 121934. Determine y(54).
-2
Let s(w) = 204*w + 2630. What is s(-13)?
-22
Let h(x) = 17*x**2 - 5737*x - 225284. Calculate h(373).
8
Let x(o) = 24